[INFO] cloning repository https://github.com/TechieTeee/rust_game_dev_simple_movement
[INFO] running `Command { std: "git" "-c" "credential.helper=" "-c" "credential.helper=/workspace/cargo-home/bin/git-credential-null" "clone" "--bare" "https://github.com/TechieTeee/rust_game_dev_simple_movement" "/workspace/cache/git-repos/https%3A%2F%2Fgithub.com%2FTechieTeee%2Frust_game_dev_simple_movement", kill_on_drop: false }`
[INFO] [stderr] Cloning into bare repository '/workspace/cache/git-repos/https%3A%2F%2Fgithub.com%2FTechieTeee%2Frust_game_dev_simple_movement'...
[INFO] running `Command { std: "git" "rev-parse" "HEAD", kill_on_drop: false }`
[INFO] [stdout] a8c9c9b922c82a0076166e21f29bc7875a54d2a6
[INFO] checking TechieTeee/rust_game_dev_simple_movement against master#9610dfe5a9a731ced1ea4923ecbd0c57fe367898 for beta-170-4
[INFO] running `Command { std: "git" "clone" "/workspace/cache/git-repos/https%3A%2F%2Fgithub.com%2FTechieTeee%2Frust_game_dev_simple_movement" "/workspace/builds/worker-7-tc1/source", kill_on_drop: false }`
[INFO] [stderr] Cloning into '/workspace/builds/worker-7-tc1/source'...
[INFO] [stderr] done.
[INFO] validating manifest of git repo https://github.com/TechieTeee/rust_game_dev_simple_movement on toolchain 9610dfe5a9a731ced1ea4923ecbd0c57fe367898
[INFO] running `Command { std: CARGO_HOME="/workspace/cargo-home" RUSTUP_HOME="/workspace/rustup-home" "/workspace/cargo-home/bin/cargo" "+9610dfe5a9a731ced1ea4923ecbd0c57fe367898" "metadata" "--manifest-path" "Cargo.toml" "--no-deps", kill_on_drop: false }`
[INFO] started tweaking git repo https://github.com/TechieTeee/rust_game_dev_simple_movement
[INFO] finished tweaking git repo https://github.com/TechieTeee/rust_game_dev_simple_movement
[INFO] tweaked toml for git repo https://github.com/TechieTeee/rust_game_dev_simple_movement written to /workspace/builds/worker-7-tc1/source/Cargo.toml
[INFO] crate git repo https://github.com/TechieTeee/rust_game_dev_simple_movement already has a lockfile, it will not be regenerated
[INFO] running `Command { std: CARGO_HOME="/workspace/cargo-home" RUSTUP_HOME="/workspace/rustup-home" "/workspace/cargo-home/bin/cargo" "+9610dfe5a9a731ced1ea4923ecbd0c57fe367898" "fetch" "--manifest-path" "Cargo.toml", kill_on_drop: false }`
[INFO] running `Command { std: "docker" "create" "-v" "/var/lib/crater-agent-workspace/builds/worker-7-tc1/target:/opt/rustwide/target:rw,Z" "-v" "/var/lib/crater-agent-workspace/builds/worker-7-tc1/source:/opt/rustwide/workdir:ro,Z" "-v" "/var/lib/crater-agent-workspace/cargo-home:/opt/rustwide/cargo-home:ro,Z" "-v" "/var/lib/crater-agent-workspace/rustup-home:/opt/rustwide/rustup-home:ro,Z" "-e" "SOURCE_DIR=/opt/rustwide/workdir" "-e" "CARGO_TARGET_DIR=/opt/rustwide/target" "-e" "CARGO_HOME=/opt/rustwide/cargo-home" "-e" "RUSTUP_HOME=/opt/rustwide/rustup-home" "-w" "/opt/rustwide/workdir" "-m" "1610612736" "--user" "0:0" "--network" "none" "ghcr.io/rust-lang/crates-build-env/linux@sha256:19e73879b68f455e41552ea35293514db52ea292d993f571636dbffedb77a1ee" "/opt/rustwide/cargo-home/bin/cargo" "+9610dfe5a9a731ced1ea4923ecbd0c57fe367898" "metadata" "--no-deps" "--format-version=1", kill_on_drop: false }`
[INFO] [stdout] a79f7067e15b61cb24c83eccd54930b7abef70b04151eb0dcd6934a492e5b7b2
[INFO] running `Command { std: "docker" "start" "-a" "a79f7067e15b61cb24c83eccd54930b7abef70b04151eb0dcd6934a492e5b7b2", kill_on_drop: false }`
[INFO] running `Command { std: "docker" "inspect" "a79f7067e15b61cb24c83eccd54930b7abef70b04151eb0dcd6934a492e5b7b2", kill_on_drop: false }`
[INFO] running `Command { std: "docker" "rm" "-f" "a79f7067e15b61cb24c83eccd54930b7abef70b04151eb0dcd6934a492e5b7b2", kill_on_drop: false }`
[INFO] [stdout] a79f7067e15b61cb24c83eccd54930b7abef70b04151eb0dcd6934a492e5b7b2
[INFO] running `Command { std: "docker" "create" "-v" "/var/lib/crater-agent-workspace/builds/worker-7-tc1/target:/opt/rustwide/target:rw,Z" "-v" "/var/lib/crater-agent-workspace/builds/worker-7-tc1/source:/opt/rustwide/workdir:ro,Z" "-v" "/var/lib/crater-agent-workspace/cargo-home:/opt/rustwide/cargo-home:ro,Z" "-v" "/var/lib/crater-agent-workspace/rustup-home:/opt/rustwide/rustup-home:ro,Z" "-e" "SOURCE_DIR=/opt/rustwide/workdir" "-e" "CARGO_TARGET_DIR=/opt/rustwide/target" "-e" "CARGO_INCREMENTAL=0" "-e" "RUST_BACKTRACE=full" "-e" "RUSTFLAGS=--cap-lints=forbid" "-e" "RUSTDOCFLAGS=--cap-lints=forbid" "-e" "CARGO_HOME=/opt/rustwide/cargo-home" "-e" "RUSTUP_HOME=/opt/rustwide/rustup-home" "-w" "/opt/rustwide/workdir" "-m" "1610612736" "--user" "0:0" "--network" "none" "ghcr.io/rust-lang/crates-build-env/linux@sha256:19e73879b68f455e41552ea35293514db52ea292d993f571636dbffedb77a1ee" "/opt/rustwide/cargo-home/bin/cargo" "+9610dfe5a9a731ced1ea4923ecbd0c57fe367898" "check" "--frozen" "--all" "--all-targets" "--message-format=json", kill_on_drop: false }`
[INFO] [stdout] e9c4dd6495d6613ed899ae42664ed2eac07db5815f4f58b47e2d8473dbb4cb31
[INFO] running `Command { std: "docker" "start" "-a" "e9c4dd6495d6613ed899ae42664ed2eac07db5815f4f58b47e2d8473dbb4cb31", kill_on_drop: false }`
[INFO] [stderr]     Checking rust_game_dev_simple_movement v0.1.0 (/opt/rustwide/workdir)
[INFO] [stdout] error[E0433]: failed to resolve: use of undeclared crate or module `sdl2`
[INFO] [stdout]  --> src/main.rs:1:5
[INFO] [stdout]   |
[INFO] [stdout] 1 | use sdl2::pixels::Color;
[INFO] [stdout]   |     ^^^^ use of undeclared crate or module `sdl2`
[INFO] [stdout] 
[INFO] [stdout] 
[INFO] [stdout] error[E0433]: failed to resolve: use of undeclared crate or module `sdl2`
[INFO] [stdout]  --> src/main.rs:2:5
[INFO] [stdout]   |
[INFO] [stdout] 2 | use sdl2::event::Event;
[INFO] [stdout]   |     ^^^^ use of undeclared crate or module `sdl2`
[INFO] [stdout] 
[INFO] [stdout] 
[INFO] [stdout] error[E0433]: failed to resolve: use of undeclared crate or module `sdl2`
[INFO] [stdout]  --> src/main.rs:3:5
[INFO] [stdout]   |
[INFO] [stdout] 3 | use sdl2::keyboard::Keycode;
[INFO] [stdout]   |     ^^^^ use of undeclared crate or module `sdl2`
[INFO] [stdout] 
[INFO] [stdout] 
[INFO] [stdout] error[E0433]: failed to resolve: use of undeclared crate or module `sdl2`
[INFO] [stdout]  --> src/main.rs:4:5
[INFO] [stdout]   |
[INFO] [stdout] 4 | use sdl2::render::{WindowCanvas, Texture};
[INFO] [stdout]   |     ^^^^ use of undeclared crate or module `sdl2`
[INFO] [stdout] 
[INFO] [stdout] 
[INFO] [stdout] error[E0433]: failed to resolve: use of undeclared crate or module `sdl2`
[INFO] [stdout]  --> src/main.rs:5:5
[INFO] [stdout]   |
[INFO] [stdout] 5 | use sdl2::rect::{Point, Rect};
[INFO] [stdout]   |     ^^^^ use of undeclared crate or module `sdl2`
[INFO] [stdout] 
[INFO] [stdout] 
[INFO] [stdout] error[E0433]: failed to resolve: use of undeclared crate or module `sdl2`
[INFO] [stdout]  --> src/main.rs:7:5
[INFO] [stdout]   |
[INFO] [stdout] 7 | use sdl2::image::{self, LoadTexture, InitFlag};
[INFO] [stdout]   |     ^^^^ use of undeclared crate or module `sdl2`
[INFO] [stdout] 
[INFO] [stdout] 
[INFO] [stdout] error[E0432]: unresolved import `sdl2`
[INFO] [stdout]  --> src/main.rs:7:5
[INFO] [stdout]   |
[INFO] [stdout] 7 | use sdl2::image::{self, LoadTexture, InitFlag};
[INFO] [stdout]   |     ^^^^ use of undeclared crate or module `sdl2`
[INFO] [stdout] 
[INFO] [stdout] 
[INFO] [stdout] error[E0433]: failed to resolve: use of undeclared crate or module `sdl2`
[INFO] [stdout]  --> src/main.rs:1:5
[INFO] [stdout]   |
[INFO] [stdout] 1 | use sdl2::pixels::Color;
[INFO] [stdout]   |     ^^^^ use of undeclared crate or module `sdl2`
[INFO] [stdout] 
[INFO] [stdout] 
[INFO] [stdout] error[E0433]: failed to resolve: use of undeclared crate or module `sdl2`
[INFO] [stdout]  --> src/main.rs:2:5
[INFO] [stdout]   |
[INFO] [stdout] 2 | use sdl2::event::Event;
[INFO] [stdout]   |     ^^^^ use of undeclared crate or module `sdl2`
[INFO] [stdout] 
[INFO] [stdout] 
[INFO] [stdout] error[E0433]: failed to resolve: use of undeclared crate or module `sdl2`
[INFO] [stdout]  --> src/main.rs:3:5
[INFO] [stdout]   |
[INFO] [stdout] 3 | use sdl2::keyboard::Keycode;
[INFO] [stdout]   |     ^^^^ use of undeclared crate or module `sdl2`
[INFO] [stdout] 
[INFO] [stdout] 
[INFO] [stdout] error[E0433]: failed to resolve: use of undeclared crate or module `sdl2`
[INFO] [stdout]  --> src/main.rs:4:5
[INFO] [stdout]   |
[INFO] [stdout] 4 | use sdl2::render::{WindowCanvas, Texture};
[INFO] [stdout]   |     ^^^^ use of undeclared crate or module `sdl2`
[INFO] [stdout] 
[INFO] [stdout] 
[INFO] [stdout] error[E0433]: failed to resolve: use of undeclared crate or module `sdl2`
[INFO] [stdout]  --> src/main.rs:5:5
[INFO] [stdout]   |
[INFO] [stdout] 5 | use sdl2::rect::{Point, Rect};
[INFO] [stdout]   |     ^^^^ use of undeclared crate or module `sdl2`
[INFO] [stdout] 
[INFO] [stdout] 
[INFO] [stdout] error[E0433]: failed to resolve: use of undeclared crate or module `sdl2`
[INFO] [stdout]  --> src/main.rs:7:5
[INFO] [stdout]   |
[INFO] [stdout] 7 | use sdl2::image::{self, LoadTexture, InitFlag};
[INFO] [stdout]   |     ^^^^ use of undeclared crate or module `sdl2`
[INFO] [stdout] 
[INFO] [stdout] 
[INFO] [stdout] error[E0432]: unresolved import `sdl2`
[INFO] [stdout]  --> src/main.rs:7:5
[INFO] [stdout]   |
[INFO] [stdout] 7 | use sdl2::image::{self, LoadTexture, InitFlag};
[INFO] [stdout]   |     ^^^^ use of undeclared crate or module `sdl2`
[INFO] [stdout] 
[INFO] [stdout] 
[INFO] [stdout] error[E0433]: failed to resolve: use of undeclared crate or module `sdl2`
[INFO] [stdout]   --> src/main.rs:39:23
[INFO] [stdout]    |
[INFO] [stdout] 39 |     let sdl_context = sdl2::init()?;
[INFO] [stdout]    |                       ^^^^ use of undeclared crate or module `sdl2`
[INFO] [stdout] 
[INFO] [stdout] 
[INFO] [stdout] error[E0433]: failed to resolve: use of undeclared crate or module `sdl2`
[INFO] [stdout]   --> src/main.rs:39:23
[INFO] [stdout]    |
[INFO] [stdout] 39 |     let sdl_context = sdl2::init()?;
[INFO] [stdout]    |                       ^^^^ use of undeclared crate or module `sdl2`
[INFO] [stdout] 
[INFO] [stdout] 
[INFO] [stdout] error: aborting due to 8 previous errors
[INFO] [stdout] 
[INFO] [stdout] 
[INFO] [stdout] Some errors have detailed explanations: E0432, E0433.
[INFO] [stdout] 
[INFO] [stdout] For more information about an error, try `rustc --explain E0432`.
[INFO] [stdout] 
[INFO] [stderr] error: could not compile `rust_game_dev_simple_movement` (bin "rust_game_dev_simple_movement") due to 9 previous errors
[INFO] [stderr] warning: build failed, waiting for other jobs to finish...
[INFO] [stdout] error: aborting due to 8 previous errors
[INFO] [stdout] 
[INFO] [stdout] 
[INFO] [stdout] Some errors have detailed explanations: E0432, E0433.
[INFO] [stdout] 
[INFO] [stdout] For more information about an error, try `rustc --explain E0432`.
[INFO] [stdout] 
[INFO] [stderr] error: could not compile `rust_game_dev_simple_movement` (bin "rust_game_dev_simple_movement" test) due to 9 previous errors
[INFO] running `Command { std: "docker" "inspect" "e9c4dd6495d6613ed899ae42664ed2eac07db5815f4f58b47e2d8473dbb4cb31", kill_on_drop: false }`
[INFO] running `Command { std: "docker" "rm" "-f" "e9c4dd6495d6613ed899ae42664ed2eac07db5815f4f58b47e2d8473dbb4cb31", kill_on_drop: false }`
[INFO] [stdout] e9c4dd6495d6613ed899ae42664ed2eac07db5815f4f58b47e2d8473dbb4cb31
